{"id":78,"date":"2020-12-13T16:14:31","date_gmt":"2020-12-13T14:14:31","guid":{"rendered":"http:\/\/ccsw.lu.lv\/?page_id=78"},"modified":"2021-03-01T14:43:57","modified_gmt":"2021-03-01T12:43:57","slug":"foto","status":"publish","type":"page","link":"https:\/\/ccsw.lu.lv\/index.php\/foto\/","title":{"rendered":"Foto"},"content":{"rendered":"<p><strong>Projekta atkl\u0101\u0161anas san\u0101ksme<\/strong><\/p>\n<div data-carousel-extra='{\"blog_id\":1,\"permalink\":\"https:\\\/\\\/ccsw.lu.lv\\\/index.php\\\/foto\\\/\"}' class=\"tiled-gallery type-rectangular\" data-original-width=\"980\"><div class=\"gallery-row\" style=\"width: 975px; height: 431px;\"><div class=\"gallery-group images-1\" style=\"width: 651px; height: 435px;\"><div class=\"tiled-gallery-item tiled-gallery-item-large\"><a href=\"https:\/\/ccsw.lu.lv\/index.php\/foto\/dsc03921-2\/\"><img data-attachment-id=\"190\" data-orig-file=\"https:\/\/ccsw.lu.lv\/wp-content\/uploads\/2021\/03\/DSC03921.jpg\" data-orig-size=\"1920,1280\" data-comments-opened=\"0\" data-image-meta=\"{&quot;aperture&quot;:&quot;4&quot;,&quot;credit&quot;:&quot;&quot;,&quot;camera&quot;:&quot;ILCE-5100&quot;,&quot;caption&quot;:&quot;&quot;,&quot;created_timestamp&quot;:&quot;1599474054&quot;,&quot;copyright&quot;:&quot;&quot;,&quot;focal_length&quot;:&quot;16&quot;,&quot;iso&quot;:&quot;125&quot;,&quot;shutter_speed&quot;:&quot;0.016666666666667&quot;,&quot;title&quot;:&quot;&quot;,&quot;orientation&quot;:&quot;1&quot;}\" data-image-title=\"DSC03921\" data-image-description=\"\" data-medium-file=\"https:\/\/ccsw.lu.lv\/wp-content\/uploads\/2021\/03\/DSC03921-300x200.jpg\" data-large-file=\"https:\/\/ccsw.lu.lv\/wp-content\/uploads\/2021\/03\/DSC03921-1024x683.jpg\" src=\"https:\/\/ccsw.lu.lv\/wp-content\/uploads\/2021\/03\/DSC03921-647x431.jpg\" width=\"647\" height=\"431\" align=\"left\" title=\"DSC03921\" \/><\/a><\/div><\/div><div class=\"gallery-group images-2\" style=\"width: 324px; height: 435px;\"><div class=\"tiled-gallery-item tiled-gallery-item-large\"><a href=\"https:\/\/ccsw.lu.lv\/index.php\/foto\/dsc03923-2\/\"><img data-attachment-id=\"191\" data-orig-file=\"https:\/\/ccsw.lu.lv\/wp-content\/uploads\/2021\/03\/DSC03923.jpg\" data-orig-size=\"1920,1280\" data-comments-opened=\"0\" data-image-meta=\"{&quot;aperture&quot;:&quot;4&quot;,&quot;credit&quot;:&quot;&quot;,&quot;camera&quot;:&quot;ILCE-5100&quot;,&quot;caption&quot;:&quot;&quot;,&quot;created_timestamp&quot;:&quot;1599474268&quot;,&quot;copyright&quot;:&quot;&quot;,&quot;focal_length&quot;:&quot;16&quot;,&quot;iso&quot;:&quot;160&quot;,&quot;shutter_speed&quot;:&quot;0.016666666666667&quot;,&quot;title&quot;:&quot;&quot;,&quot;orientation&quot;:&quot;1&quot;}\" data-image-title=\"DSC03923\" data-image-description=\"\" data-medium-file=\"https:\/\/ccsw.lu.lv\/wp-content\/uploads\/2021\/03\/DSC03923-300x200.jpg\" data-large-file=\"https:\/\/ccsw.lu.lv\/wp-content\/uploads\/2021\/03\/DSC03923-1024x683.jpg\" src=\"https:\/\/ccsw.lu.lv\/wp-content\/uploads\/2021\/03\/DSC03923-320x214.jpg\" width=\"320\" height=\"214\" align=\"left\" title=\"DSC03923\" \/><\/a><\/div><div class=\"tiled-gallery-item tiled-gallery-item-large\"><a href=\"https:\/\/ccsw.lu.lv\/index.php\/foto\/dsc03926-2\/\"><img data-attachment-id=\"192\" data-orig-file=\"https:\/\/ccsw.lu.lv\/wp-content\/uploads\/2021\/03\/DSC03926.jpg\" data-orig-size=\"1920,1280\" data-comments-opened=\"0\" data-image-meta=\"{&quot;aperture&quot;:&quot;4&quot;,&quot;credit&quot;:&quot;&quot;,&quot;camera&quot;:&quot;ILCE-5100&quot;,&quot;caption&quot;:&quot;&quot;,&quot;created_timestamp&quot;:&quot;1599474306&quot;,&quot;copyright&quot;:&quot;&quot;,&quot;focal_length&quot;:&quot;16&quot;,&quot;iso&quot;:&quot;1000&quot;,&quot;shutter_speed&quot;:&quot;0.00625&quot;,&quot;title&quot;:&quot;&quot;,&quot;orientation&quot;:&quot;1&quot;}\" data-image-title=\"DSC03926\" data-image-description=\"\" data-medium-file=\"https:\/\/ccsw.lu.lv\/wp-content\/uploads\/2021\/03\/DSC03926-300x200.jpg\" data-large-file=\"https:\/\/ccsw.lu.lv\/wp-content\/uploads\/2021\/03\/DSC03926-1024x683.jpg\" src=\"https:\/\/ccsw.lu.lv\/wp-content\/uploads\/2021\/03\/DSC03926-320x213.jpg\" width=\"320\" height=\"213\" align=\"left\" title=\"DSC03926\" \/><\/a><\/div><\/div><\/div><div class=\"gallery-row\" style=\"width: 975px; height: 647px;\"><div class=\"gallery-group images-1\" style=\"width: 975px; height: 651px;\"><div class=\"tiled-gallery-item tiled-gallery-item-large\"><a href=\"https:\/\/ccsw.lu.lv\/index.php\/foto\/dsc03935-2\/\"><img data-attachment-id=\"193\" data-orig-file=\"https:\/\/ccsw.lu.lv\/wp-content\/uploads\/2021\/03\/DSC03935.jpg\" data-orig-size=\"1920,1280\" data-comments-opened=\"0\" data-image-meta=\"{&quot;aperture&quot;:&quot;3.5&quot;,&quot;credit&quot;:&quot;&quot;,&quot;camera&quot;:&quot;ILCE-5100&quot;,&quot;caption&quot;:&quot;&quot;,&quot;created_timestamp&quot;:&quot;1599480323&quot;,&quot;copyright&quot;:&quot;&quot;,&quot;focal_length&quot;:&quot;16&quot;,&quot;iso&quot;:&quot;2500&quot;,&quot;shutter_speed&quot;:&quot;0.00625&quot;,&quot;title&quot;:&quot;&quot;,&quot;orientation&quot;:&quot;1&quot;}\" data-image-title=\"DSC03935\" data-image-description=\"\" data-medium-file=\"https:\/\/ccsw.lu.lv\/wp-content\/uploads\/2021\/03\/DSC03935-300x200.jpg\" data-large-file=\"https:\/\/ccsw.lu.lv\/wp-content\/uploads\/2021\/03\/DSC03935-1024x683.jpg\" src=\"https:\/\/ccsw.lu.lv\/wp-content\/uploads\/2021\/03\/DSC03935-971x647.jpg\" width=\"971\" height=\"647\" align=\"left\" title=\"DSC03935\" \/><\/a><\/div><\/div><\/div><\/div>\n","protected":false},"excerpt":{"rendered":"<p>Projekta atkl\u0101\u0161anas san\u0101ksme<\/p>\n","protected":false},"author":1,"featured_media":0,"parent":0,"menu_order":0,"comment_status":"closed","ping_status":"closed","template":"","meta":[],"_links":{"self":[{"href":"https:\/\/ccsw.lu.lv\/index.php\/wp-json\/wp\/v2\/pages\/78"}],"collection":[{"href":"https:\/\/ccsw.lu.lv\/index.php\/wp-json\/wp\/v2\/pages"}],"about":[{"href":"https:\/\/ccsw.lu.lv\/index.php\/wp-json\/wp\/v2\/types\/page"}],"author":[{"embeddable":true,"href":"https:\/\/ccsw.lu.lv\/index.php\/wp-json\/wp\/v2\/users\/1"}],"replies":[{"embeddable":true,"href":"https:\/\/ccsw.lu.lv\/index.php\/wp-json\/wp\/v2\/comments?post=78"}],"version-history":[{"count":11,"href":"https:\/\/ccsw.lu.lv\/index.php\/wp-json\/wp\/v2\/pages\/78\/revisions"}],"predecessor-version":[{"id":194,"href":"https:\/\/ccsw.lu.lv\/index.php\/wp-json\/wp\/v2\/pages\/78\/revisions\/194"}],"wp:attachment":[{"href":"https:\/\/ccsw.lu.lv\/index.php\/wp-json\/wp\/v2\/media?parent=78"}],"curies":[{"name":"wp","href":"https:\/\/api.w.org\/{rel}","templated":true}]}}