{"id":148,"date":"2021-02-26T10:38:24","date_gmt":"2021-02-26T08:38:24","guid":{"rendered":"http:\/\/ccsw.lu.lv\/?page_id=148"},"modified":"2022-08-29T10:08:36","modified_gmt":"2022-08-29T08:08:36","slug":"sadarbiba","status":"publish","type":"page","link":"https:\/\/ccsw.lu.lv\/index.php\/sadarbiba\/","title":{"rendered":"Sadarb\u012bba"},"content":{"rendered":"<p>Projektu Koncepcijas \u201cener\u0123ija no atkritumiem\u201d inov\u0101cija zema oglek\u013ca satura ekonomikai: jauna oglek\u013ca uztver\u0161anas tehnolo\u0123ija cieto sadz\u012bves atkritumu termo\u0137\u012bmiskajai p\u0101rstr\u0101dei (oglek\u013ca uztver\u0161ana un uzglab\u0101\u0161ana no atkritumiem \u2013 CCSW) \u012bsteno <a href=\"https:\/\/www.lu.lv\/\" target=\"_blank\" rel=\"noopener noreferrer\">Latvijas Universit\u0101te<\/a> sadarb\u012bb\u0101 ar t\u0101s partneri \u2013 <a href=\"http:\/\/vaao.lv\/par-mums\/\" target=\"_blank\" rel=\"noopener noreferrer\">SIA &#8220;Viduskurzemes AAO&#8221;<\/a> (Kurzemes re\u0123ion\u0101l\u0101 atkritumu apsaimnieko\u0161anas sabiedr\u012bba) un <a href=\"https:\/\/www.zaao.lv\/\">SIA &#8220;Zieme\u013cvidzemes AAO&#8221;.<\/a><\/p>\n<p>Sadarb\u012bbas partneris SIA \u201eViduskurzemes AAO\u201d ir atkritumu apsaimnieko\u0161anas uz\u0146\u0113mums, kas dibin\u0101ts 2009.gad\u0101. T\u0101 galvenie darb\u012bbas virzieni ir atkritumu sav\u0101k\u0161ana, transport\u0113\u0161ana, \u0161\u0137iro\u0161ana un p\u0101rstr\u0101de cietaj\u0101 re\u0123ener\u0113taj\u0101 kurin\u0101m\u0101. \u0160o gadu laik\u0101 uzkr\u0101t\u0101 pieredze ir \u013c\u0101vusi att\u012bst\u012bt jaunu atkritumu apsaimnieko\u0161anas sist\u0113mu sav\u0101 darb\u012bbas re\u0123ion\u0101, <a href=\"http:\/\/saldus.lv\" target=\"_blank\" rel=\"noopener\">Saldus<\/a> un <a href=\"https:\/\/broceni.lv\/\" target=\"_blank\" rel=\"noopener\">Broc\u0113nu<\/a> novados, t\u0101d\u0113j\u0101di samazinot atkritumu nelabv\u0113l\u012bgo ietekmi uz apk\u0101rt\u0113jo vidi.<\/p>\n<p>Sadarb\u012bbas partneris ir pa\u0161vald\u012bbu uz\u0146\u0113mums SIA &#8220;ZAAO&#8221;, kas pied\u0101v\u0101 kvalitat\u012bvus un vides pras\u012bb\u0101m atbilsto\u0161us atkritumu apsaimnieko\u0161anas pakalpojumus priv\u0101tperson\u0101m un juridisk\u0101m person\u0101m vis\u0101s Zieme\u013cvidzemes re\u0123iona pa\u0161vald\u012bb\u0101s, k\u0101 ar\u012b atsevi\u0161\u0137os Malienas un Pier\u012bgas re\u0123iona novados. Uz\u0146\u0113muma \u00a0darb\u012bbas virziens ir atkritumu sav\u0101k\u0161ana, \u0161\u0137iro\u0161ana, uzglab\u0101\u0161ana, apstr\u0101de, p\u0101rkrau\u0161ana, p\u0101rvad\u0101\u0161ana, apglab\u0101\u0161ana, sabiedr\u012bbas izgl\u012bto\u0161ana. Liela uzman\u012bba tiek v\u0113rsta uz sabiedr\u012bbas izgl\u012bto\u0161anas aktivit\u0101t\u0113m un ilgtsp\u0113j\u012bgas vides nodro\u0161in\u0101\u0161anu.<\/p>\n<p><img loading=\"lazy\" class=\"alignnone size-medium wp-image-372\" src=\"http:\/\/ccsw.lu.lv\/wp-content\/uploads\/2022\/08\/logo_sm-1-300x88.png\" alt=\"\" width=\"300\" height=\"88\" srcset=\"https:\/\/ccsw.lu.lv\/wp-content\/uploads\/2022\/08\/logo_sm-1-300x88.png 300w, https:\/\/ccsw.lu.lv\/wp-content\/uploads\/2022\/08\/logo_sm-1-768x224.png 768w, https:\/\/ccsw.lu.lv\/wp-content\/uploads\/2022\/08\/logo_sm-1.png 958w\" sizes=\"(max-width: 300px) 100vw, 300px\" \/><\/p>\n<p><img loading=\"lazy\" class=\"alignnone wp-image-370\" src=\"http:\/\/ccsw.lu.lv\/wp-content\/uploads\/2022\/08\/ZAAO_logo-300x237.png\" alt=\"\" width=\"178\" height=\"141\" srcset=\"https:\/\/ccsw.lu.lv\/wp-content\/uploads\/2022\/08\/ZAAO_logo-300x237.png 300w, https:\/\/ccsw.lu.lv\/wp-content\/uploads\/2022\/08\/ZAAO_logo-768x606.png 768w, https:\/\/ccsw.lu.lv\/wp-content\/uploads\/2022\/08\/ZAAO_logo.png 898w\" sizes=\"(max-width: 178px) 100vw, 178px\" \/><\/p>\n","protected":false},"excerpt":{"rendered":"<p>Projektu Koncepcijas \u201cener\u0123ija no atkritumiem\u201d inov\u0101cija zema oglek\u013ca satura ekonomikai: jauna oglek\u013ca uztver\u0161anas tehnolo\u0123ija cieto sadz\u012bves atkritumu termo\u0137\u012bmiskajai p\u0101rstr\u0101dei (oglek\u013ca uztver\u0161ana un uzglab\u0101\u0161ana no atkritumiem \u2013 CCSW) \u012bsteno Latvijas Universit\u0101te sadarb\u012bb\u0101 ar t\u0101s partneri \u2013 SIA &#8220;Viduskurzemes AAO&#8221; (Kurzemes re\u0123ion\u0101l\u0101 atkritumu apsaimnieko\u0161anas sabiedr\u012bba) un SIA &#8220;Zieme\u013cvidzemes AAO&#8221;. Sadarb\u012bbas partneris SIA \u201eViduskurzemes AAO\u201d ir atkritumu apsaimnieko\u0161anas&#8230; <a class=\"read-more\" href=\"https:\/\/ccsw.lu.lv\/index.php\/sadarbiba\/\">Read more<\/a><\/p>\n","protected":false},"author":1,"featured_media":0,"parent":0,"menu_order":0,"comment_status":"closed","ping_status":"closed","template":"","meta":[],"_links":{"self":[{"href":"https:\/\/ccsw.lu.lv\/index.php\/wp-json\/wp\/v2\/pages\/148"}],"collection":[{"href":"https:\/\/ccsw.lu.lv\/index.php\/wp-json\/wp\/v2\/pages"}],"about":[{"href":"https:\/\/ccsw.lu.lv\/index.php\/wp-json\/wp\/v2\/types\/page"}],"author":[{"embeddable":true,"href":"https:\/\/ccsw.lu.lv\/index.php\/wp-json\/wp\/v2\/users\/1"}],"replies":[{"embeddable":true,"href":"https:\/\/ccsw.lu.lv\/index.php\/wp-json\/wp\/v2\/comments?post=148"}],"version-history":[{"count":8,"href":"https:\/\/ccsw.lu.lv\/index.php\/wp-json\/wp\/v2\/pages\/148\/revisions"}],"predecessor-version":[{"id":374,"href":"https:\/\/ccsw.lu.lv\/index.php\/wp-json\/wp\/v2\/pages\/148\/revisions\/374"}],"wp:attachment":[{"href":"https:\/\/ccsw.lu.lv\/index.php\/wp-json\/wp\/v2\/media?parent=148"}],"curies":[{"name":"wp","href":"https:\/\/api.w.org\/{rel}","templated":true}]}}